2
In base 15, what is 135 - -3?
138
In base 15, what is -5 - -16?
11
In base 3, what is 112212 - -10?
112222
In base 7, what is -6514 - 1?
-6515
In base 6, what is -2 + 23?
21
In base 6, what is 43 + 201?
244
In base 9, what is -43 - 10?
-53
In base 3, what is 12 + 1102?
1121
In base 9, what is 1 - 2?
-1
In base 8, what is -703 + -4?
-707
In base 11, what is 8 + -33?
-26
In base 14, what is 14 - -2?
16
In base 5, what is 242014 - -1?
242020
In base 3, what is -201 + 1012?
111
In base 2, what is -100 + -11101101?
-11110001
In base 9, what is 1107 + 2?
1110
In base 3, what is 1101 - -10?
1111
In base 2, what is 111100 - -1001?
1000101
In base 14, what is -2 + 536?
534
In base 10, what is 17 + 134?
151
In base 13, what is -14a - 3?
-150
In base 7, what is -2036 + 4?
-2032
In base 7, what is 1165 + 5?
1203
In base 13, what is -27b + 0?
-27b
In base 16, what is -32 - -107?
d5
In base 6, what is 12 - -110?
122
In base 11, what is -a28 + -21?
-a49
In base 6, what is -10 - -24131?
24121
In base 9, what is 0 - -12?
12
In base 11, what is -12 + 338?
326
In base 14, what is 1 + -51?
-50
In base 3, what is 0 - -2212021?
2212021
In base 11, what is 1 - 14?
-13
In base 8, what is -122 + -3?
-125
In base 12, what is 35 - -2?
37
In base 5, what is -10023 + 11?
-10012
In base 9, what is 160 - 1?
158
In base 14, what is -4 + 33?
2d
In base 6, what is 210 + -3?
203
In base 13, what is -35 - -5?
-30
In base 8, what is -411 - 1?
-412
In base 5, what is -134 - -1?
-133
In base 12, what is -6b + 0?
-6b
In base 13, what is -4 + 10?
9
In base 14, what is 584 - -3?
587
In base 11, what is 0 - -19?
19
In base 16, what is 331 + -2?
32f
In base 10, what is -4 - -33?
29
In base 4, what is 13 - 103?
-30
In base 10, what is -49 - 158?
-207
In base 11, what is 492 + 1?
493
In base 15, what is -5 + -594?
-599
In base 9, what is -1 + 7732?
7731
In base 12, what is 9 + 11?
1a
In base 14, what is -50 - 5?
-55
In base 10, what is 3 - 132?
-129
In base 7, what is -2 + -3?
-5
In base 15, what is 3 - -41?
44
In base 8, what is 4 + 100?
104
In base 14, what is -4 + 20?
1a
In base 11, what is 3 + -151?
-149
In base 12, what is -a0 - -25?
-77
In base 7, what is 14 - -32?
46
In base 12, what is -8 - 367?
-373
In base 9, what is -4 + 2353?
2348
In base 6, what is -51 + 4?
-43
In base 6, what is -5 - 152?
-201
In base 15, what is -9 + -c8?
-d2
In base 2, what is -11000100111 + 1?
-11000100110
In base 10, what is 2 + -751?
-749
In base 15, what is 14 - -32?
46
In base 8, what is 3 + -370?
-365
In base 6, what is 120 + -4?
112
In base 12, what is 4 - -1a6?
1aa
In base 12, what is 10 + -74?
-64
In base 14, what is 4 - -50?
54
In base 7, what is 2 + -33?
-31
In base 6, what is -254 - -23?
-231
In base 15, what is -8 + -8?
-11
In base 10, what is 19 + -6?
13
In base 11, what is 3 + 30?
33
In base 6, what is 13321 - 4?
13313
In base 4, what is 11020 - 1?
11013
In base 7, what is -44 + 5?
-36
In base 15, what is -3e - -6b?
2c
In base 7, what is 4 + -16?
-12
In base 13, what is 2b - -5?
33
In base 6, what is 5 + -314?
-305
In base 10, what is 1 - 1444?
-1443
In base 11, what is -2 + 1367?
1365
In base 16, what is 22 + b?
2d
In base 13, what is 3 - 8?
-5
In base 8, what is -15 - -3?
-12
In base 15, what is 4 - -3c?
41
In base 10, what is 575 + 0?
575
In base 5, what is -1 - -34?
33
In base 8, what is -7035 + -4?
-7041
In base 6, what is -111 + 32?
-35
In base 13, what is 2041a + 2?
2041c
In base 9, what is 2 + -2374?
-2372
In base 3, what is -1110 - 120?
-2000
In base 9, what is -17 + 0?
-17
In base 14, what is 1 + -46?
-45
In base 2, what is 1111010001010 - -100?
1111010001110
In base 13, what is -115a - 1?
-115b
In base 10, what is -44 + -183?
-227
In base 15, what is -6 + 18?
12
In base 13, what is 4 + ca?
101
In base 4, what is -112 + -223?
-1001
In base 10, what is 152 - 1?
151
In base 6, what is -20 - -4?
-12
In base 10, what is 43 - 184?
-141
In base 12, what is 424 - -2?
426
In base 8, what is 5 - 343?
-336
In base 10, what is -23 - 1?
-24
In base 7, what is 4 - -316?
323
In base 5, what is -11322 + -2?
-11324
In base 14, what is 3 + 1?
4
In base 8, what is -5 + -17?
-24
In base 8, what is -645 - -142?
-503
In base 4, what is 3 + -13221?
-13212
In base 2, what is 100 + -1000011011?
-1000010111
In base 15, what is -5d - 3?
-61
In base 7, what is 0 + -36266?
-36266
In base 16, what is 502 + -3?
4ff
In base 9, what is -23140 - 0?
-23140
In base 16, what is 44 - 3?
41
In base 10, what is -721 - 2?
-723
In base 9, what is 36 - 10?
26
In base 3, what is 2122200 + 11?
2122211
In base 2, what is 1000000010100 - -1?
1000000010101
In base 11, what is -173 - -4?
-16a
In base 3, what is -1010201 - 0?
-1010201
In base 7, what is -1 + 354?
353
In base 2, what is -10011100 - 100100?
-11000000
In base 7, what is -230 - 20?
-250
In base 4, what is -10 - -30132?
30122
In base 8, what is 11 + 1?
12
In base 6, what is -213 + -234?
-451
In base 3, what is 2001 - 221?
1010
In base 9, what is -18 - 21?
-40
In base 9, what is 4 + 60?
64
In base 14, what is -1d5 + 0?
-1d5
In base 2, what is 1101000 + -11?
1100101
In base 12, what is 5 + -b9?
-b4
In base 4, what is 2012 - 21?
1331
In base 12, what is -13 + 3?
-10
In base 9, what is 22 + 74?
106
In base 10, what is -14 + 24?
10
In base 15, what is 3e + -4?
3a
In base 14, what is -1d42 - -2?
-1d40
In base 14, what is -41 + 41?
0
In base 4, what is -1 + 201231?
201230
In base 2, what is 1011011 - -1011?
1100110
In base 8, what is -12 + 24?
12
In base 9, what is 63 + -25?
37
In base 11, what is -372 + -4?
-376
In base 3, what is 11 + 20221?
21002
In base 13, what is 27 + -45?
-1b
In base 16, what is 10 + -c?
4
In base 11, what is -4 + 46a?
466
In base 14, what is 1 + 0?
1
In base 10, what is 17 + -12?
5
In base 4, what is -101 + 2103?
2002
In base 3, what is 211 + -1?
210
In base 6, what is -340125 - 1?
-340130
In base 3, what is -120 - -101?
-12
In base 16, what is -6 - 423?
-429
In base 8, what is -7176 + -2?
-7200
In base 3, what is 21 - 2002?
-1211
In base 4, what is 3 - -2133?
2202
In base 16, what is 1 + -20?
-1f
In base 8, what is -1747 + 23?
-1724
In base 2, what is 110 + -10001011?
-10000101
In base 4, what is -21311 - 3?
-21320
In base 4, what is -10 + -202?
-212
In base 12, what is 63b + -2?
639
In base 3, what is -10 + -1020?
-1100
In base 8, what is 255 - -5?
262
In base 3, what is 10 + 202?
212
In base 5, what is -14 + -23?
-42
In base 6, what is 120 + -5?
111
In base 6, what is 312 - 401?
-45
In base 2, what is -10111 + -1011111?
-1110110
In base 9, what is 27 - 7?
20
In base 7, what is 1 + -300?
-266
In base 6, what is 104140 - 4?
104132
In base 14, what is 0 - 21a?
-21a
In base 8, what is -217 - 4?
-223
In base 13, what is -6 + -60?
-66
In base 10, what is -578 + 3?
-575
In base 5, what is 101034 + 10?
101044
In base 8, what is -14475 - -2?
-14473
In base 12, what is 5a + 4?
62
In base 7, what is -1 - 3316?
-3320
In base 11, what is 5 + 43?
48
In base 5, what is 1 + 433?
434
In base 4, what is -10 + 202?
132
In base 14, what is 4 - -1b?
21
In base 6, what is 0 + 521?
521
In base 6, what is -411 + -3?
-414
In base 6, what is -4 + -43315?
-43323
In base 10, what is 804 + 4?
808
In base 16, what is -17a - -1?
-179
In base 4, what is -113 - -1?
-112
In base 12, what is -2 - -96?
94
In base 6, what is -15 + -51?
-110
In base 8, what is -4 + -157?
-163
In base 16, what is 2 + 16?
18
In base 3, what is -20 + 102110?
102020
In base 4, what is -230 - 32?
-322
In base 7, what is 36 - -10?
46
In base 13, what is -36 - 1?
-37
In base 12, what is -4305 - 0?
-4305
In base 8, what is -26 - -130?
102
In base 15, what is -4 - -b?
7
In base 8, what is 63 - -76?
161
In base 12, what is 3 - -100?
103
In base 9, what is -4 - -8?
4
In base 15, what is c + 100?
10c
In base 2, what is -100 + -1110110?
-1111010
In base 6, what is 5251 - -2?
5253
In base 5, what is 10 - 1221?
-1211
In base 12, what is -2 + 5?
3
In base 12, what is -10895 + -2?
-10897
In base 15, what is 34 - -5?
39
In base 4, what is 30130 - -10?
30200
In base 3, what is -11 - -20?
2
In base 4, what is 113 + 223?
1002
In base 6, what is 0 + 203?
203
In base 4, what is -2 + 1100?
1032
In base 4, what is -3 - -20?
11
In base 11, what is 4120a + -1?
41209
In base 6, what is 1323 + 40?
1403
In base 5, what is 3